g be (-15)/5 - 1*a. Calculate the greatest common factor of 70 and g.
14
Let w(f) = 6*f - 8. Let b be w(7). Let u = b + -1. Let j(c) = c**2 + c + 11. Let o be j(0). What is the greatest common divisor of u and o?
11
Let s(u) = 20*u + 6. Let p be s(2). Calculate the highest common divisor of 506 and p.
46
Suppose 5*q + 89 = 24. Let f = 18 + q. What is the greatest common divisor of f and 35?
5
Let n(p) = p**2 - 4*p + 1. Let i be n(3). Let a(g) = 13*g**2 - 3*g - 3. Let y be a(i). Let b be (-10)/1*(-4)/8. Calculate the greatest common factor of b and y.
5
Suppose 2*k + 3*x = 57, -2*k + 3*x = 2*k - 69. Let u be (96/80)/((-4)/(-490) + 0). What is the greatest common factor of k and u?
21
Let z be 9/(-3) - (-3)/3 - -9. What is the highest common factor of z and 1?
1
Let w(g) = g**2 - 11*g - 12. Let p be w(-8). Suppose p = 6*d - 10. What is the highest common divisor of d and 200?
25
Let d = 4 - 0. Let i be (-4)/14 + 198/7. What is the highest common divisor of i and d?
4
Let c(m) = 2*m**2 - 2*m. Let f be c(2). Calculate the greatest common divisor of 4 and f.
4
Suppose 5*l + 4 = 3*l. Let h = l - -7. Calculate the greatest common divisor of 2 and h.
1
Let w = -74 - -84. What is the highest common divisor of w and 70?
10
Let m = -1111 - -2219. Suppose 6*k - m = -328. What is the highest common divisor of k and 13?
13
Let b(h) = h + 7. Let q be b(-7). Suppose p = -q*p + 135. Calculate the highest common divisor of 15 and p.
15
Suppose -3*j - 10 - 6 = -2*m, 0 = -m - 4*j - 14. Let p be 5 - 3 - (-32 - m). Calculate the highest common factor of p and 18.
18
Let p = 0 - -3. Let f = p + -1. Calculate the greatest common factor of f and 16.
2
Suppose 0 = i - 1 - 2. Let k be (i - 18/4)*-8. Calculate the greatest common divisor of 72 and k.
12
Let y = 5 - -10. Calculate the greatest common factor of 6 and y.
3
Let q(h) = -h**2 + 111. Let d be q(0). Suppose 57 = 3*o - d. Calculate the greatest common divisor of 8 and o.
8
Let f = -202 + 312. Calculate the highest common divisor of f and 10.
10
Let i(h) = -12*h**3 - h**2. Let q be i(-1). Let m = -1 + 2. What is the greatest common divisor of q and m?
1
Let u be (-1 - 9)*(-1 - 0). What is the highest common divisor of 10 and u?
10
Let b be (-6)/15 + 84/10. Suppose 0 = -2*j + b + 12. Calculate the greatest common divisor of j and 25.
5
Let a(j) = 1 - 8 + 2*j + 2. Let p be a(8). Let o = 0 - -11. What is the highest common factor of o and p?
11
Let j = 17 + -10. Let n = j - 2. Calculate the greatest common divisor of 5 and n.
5
Let u = 13 - 20. Let d = 19 + u. Let i be (0/1)/(-1) - -96. Calculate the greatest common factor of d and i.
12
Let r = -20 - -28. Let w = 11 - r. Suppose 4*h - 4*v + 7 = 43, -2*h - 5*v = 3. What is the greatest common divisor of h and w?
3
Let v be (-1)/(4/14)*2. Let c be -3 + (-9)/(-3) - v. What is the greatest common factor of 14 and c?
7
Let w(z) = 4*z**2 - 1. Let g be w(-1). Let o = 6 + -8. Let s be 12*o/4*-1. Calculate the highest common divisor of s and g.
3
Suppose v = -5*j + 29, -v + 2 + 24 = 4*j. Suppose 0 = -i - y - 1, -1 = 3*i - y - v. Calculate the highest common factor of 2 and i.
1
Let m = 394 - 234. Let b = -29 - -49. Calculate the highest common factor of m and b.
20
Let d(a) = 30*a**3 - 2*a**2 + a - 2. Let r be d(2). Let z = -12 + r. What is the highest common factor of 20 and z?
20
Suppose -4*i + 0*i = -52. Let u = i + -6. What is the highest common factor of u and 49?
7
Suppose 2*k = -2*k + 4, -37 = -4*n - 5*k. Let f be 4/8*-6 + n. What is the highest common divisor of f and 45?
5
Let k be 4/1*(2 - 1). Suppose -4*h - 5 = -13. Suppose -f - 3*g = h, k*f + 2 - 12 = -3*g. What is the highest common factor of 2 and f?
2
Let g be (-16)/(-3*(-5)/(-60)). Calculate the greatest common factor of 16 and g.
16
Let i be -3*25/(-30)*(-24)/(-10). What is the highest common factor of i and 42?
6
Let w(t) = 3*t - 5. Let y be w(4). What is the greatest common factor of 161 and y?
7
Let l be (-2)/(-4)*(1 + -1). Suppose 0 = -5*n - 2*r - 130, l = -2*n - 4*r - 0*r - 68. Let j = n - -40. What is the greatest common factor of j and 8?
8
Let x be ((-8)/(-7))/((-6)/(-21)). What is the greatest common divisor of x and 10?
2
Suppose 0 = 3*z - d - 17, 2*z + 22 = 6*z - d. Suppose -z = -s - x, 2*x + 0 = s + 7. Let w be 1 - (1 - (s + 7)). What is the greatest common factor of w and 24?
8
Let y be ((-292)/(-8))/((-3)/(-6)). Let w = y + -44. Calculate the greatest common divisor of 261 and w.
29
Suppose -1 = -l + 6. Let m = l + 1. What is the greatest common divisor of m and 64?
8
Let r be ((-1 - 2) + 0)*-2. Let f = 3 - -12. Let o = -9 + f. Calculate the greatest common factor of r and o.
6
Suppose 0 = 5*v - 0*v - 10. Suppose -4*z + 31 = 5*t - 41, 0 = -2*t. Suppose -4*q - l = -z + 2, 7 = 3*q + 2*l. Calculate the highest common divisor of v and q.
1
Suppose 0*h + 3*h - 96 = 0. What is the greatest common divisor of h and 8?
8
Let x = 279 + -31. Suppose g + c - 161 = 0, -2*g - 5*c + x = -62. Let f(v) = 2*v**2 + 5*v + 3. Let z be f(-4). Calculate the highest common factor of g and z.
15
Let k = -30 - -32. Suppose -4*y - 5*i = -5*y + 93, k*i = -y + 114. What is the greatest common divisor of 12 and y?
12
Suppose -6*v + 5*v - 1 = 0, -c + 178 = 2*v. What is the highest common factor of 36 and c?
36
Suppose 25 = -5*q - 5*y, 2*q = 3*y - 2*y + 5. Suppose q = -3*u + 9 + 6. Let z = 5 + 35. Calculate the greatest common factor of z and u.
5
Let b = 8 + -8. Suppose b = 3*l - 92 - 178. What is the greatest common factor of l and 10?
10
Let p be (-1)/((-2)/3)*2. Let j = 6 - p. Suppose 5*g - 90 = -3*i, -j*i + 6*i - 90 = g. What is the greatest common factor of i and 6?
6
Suppose -p - 3*p = 0. Let i(s) = s**2 + s + 4. Let a be i(p). Let r = 0 + a. What is the greatest common factor of 1 and r?
1
Let d = -6 - -9. Suppose 18 = 5*s - d*s. Let k be (-763)/(-14) + (-1)/2. What is the greatest common factor of k and s?
9
Let y(x) = -5*x + 5. Let j be y(0). Let z be (2 - (2 + -1)) + 54. What is the highest common factor of j and z?
5
Suppose 3*i = 5*a + 16, -2*a + 0*i = 2*i. Let h be 85/6 - a/(-12). Let r be 3*1/(-1) + h. What is the greatest common factor of r and 22?
11
Suppose 10*q - 5*q = 55. Suppose 105 = 5*i - 390. What is the greatest common divisor of i and q?
11
Suppose k - 183 = 15. Let y(h) = -h**2 + 8*h + 3. Let t be y(5). What is the highest common divisor of k and t?
18
Let w(s) = -4*s**3 - s**2 - 2*s - 2. Let j be w(-2). What is the greatest common factor of 10 and j?
10
Let r = 49 - 32. Let y be 15/(-5) + 2*4. Let p be ((-14)/(-10) - -2)*y. Calculate the greatest common divisor of p and r.
17
Suppose 5*b - 15 = 2*l, 2*b + 2*l = -2*l + 30. Let x = b - 8. Let p be x/(-2)*24/9. What is the highest common factor of p and 10?
2
Let u = 0 - -12. Let m(x) = x - 8. Let y be m(u). Calculate the highest common factor of y and 16.
4
Let r(s) = -s**3 - s + 40. Let y be r(0). What is the greatest common factor of 5 and y?
5
Let p = 522 - 354. What is the highest common divisor of 21 and p?
21
Let o(r) be the third derivative of -1/12*r**4 - r**2 - r**3 + 0*r + 0. Let h be o(-4). Calculate the highest common factor of h and 3.
1
Suppose 9 + 9 = 2*h. Suppose p = 4*p - h. Suppose -5*o = 3*v - 20, -o = -3*o + v - p. Calculate the greatest common divisor of o and 4.
1
Let s be (-1 + 3)/(6/726). What is the highest common divisor of 22 and s?
22
Let c = 11 - 8. Let w be 4/(-14) - (-170)/7. What is the greatest common divisor of c and w?
3
Suppose 0 = 2*n + 58 + 16. Let b = 61 + n. What is the highest common divisor of 8 and b?
8
Let t be 5/(15/68) + 16/(-24). Calculate the greatest common factor of t and 22.
22
Suppose l + 4*l = 50. Calculate the highest common divisor of 4 and l.
2
Suppose 4*a - 2*y - 72 = 0, -18 = a - 2*a - y. Calculate the highest common divisor of a and 30.
6
Suppose p + 3*q - 14 = -0*p, 0 = p - 2*q - 34. What is the greatest common divisor of 2 and p?
2
Suppose 5*o - 5*s + 14 = 334, 194 = 3*o - s. Suppose p - o = -10. Let w be (-68)/(-3) + (-2)/3. Calculate the greatest common factor of w and p.
11
Let l = -7 + 9. Let h(a) = -1 - 4 - 3*a**2 - 4*a**3 - 3*a + l + a**3. Let w be h(-2). What is the highest common divisor of w and 6?
3
Let w(l) = -2*l + 4 + 2*l**3 - 3*l**3 + 4*l**2 - 1. Let t be w(3). Calculate 